 is divided by (60/65)/(216/3744)?
11
Let l(r) = 69*r - 3. Suppose 0 = -5*o + 4*h + 25, 36 - 8 = 3*o - 5*h. Calculate the remainder when l(o) is divided by 38.
28
Let q = -8 + -12. Let g be ((-273)/(-35) - 7)*(-35 + 0). Let y = q - g. What is the remainder when y is divided by 5?
3
Suppose 5*m - 5*g + 270 = 325, -5*g = 3*m - 65. Calculate the remainder when (5 + -3)*115/2 is divided by m.
10
Suppose 0 = -3*p + 4*s + 357, -823 + 202 = -5*p - 2*s. Suppose 10*u - 67 = p. What is the remainder when 28 is divided by u?
9
Let z be (-3 + 4 + -3)/(2/(-411)). Let q = z + -407. Calculate the remainder when 57 is divided by q.
1
Let j be -5*24/(-30)*1*-3. Suppose 3*k = -3*x - 2*k + 5, -2*x = -4*k - 40. Calculate the remainder when x is divided by (j/(-6) - -2)*1.
2
Let k = 122 + -115. Suppose 6 + k = 2*b - g, b + 2*g - 4 = 0. Suppose 2*q - n = 64, b*q + n = 2*q + 116. Calculate the remainder when q is divided by 8.
6
Suppose -5*u + 3*l - 8*l + 345 = 0, -2*u + l + 135 = 0. Suppose 0 = z - 5*z + 5*f + 787, 0 = -3*z - f + 576. Calculate the remainder when z is divided by u.
57
Let t = -1474 - -1484. Let n = -1 + 4. What is the remainder when t is divided by n?
1
Let k = -41 - -60. Suppose 3*f - 5 - k = 0. What is the remainder when 25 is divided by 58/f - 12/48?
4
Let x be 0 + 1 + 3 - 6. Let t be 3/x*(-1 + (-4)/4). Suppose b + t*b = -4, -u + 16 = b. What is the remainder when 185 is divided by u?
15
Suppose -5*g + 111*i - 108*i + 531 = 0, 2*i - 460 = -4*g. What is the remainder when g is divided by (-1 - -9)/((-2)/(-2))?
7
Let c = 153 - 133. Suppose 19*n = 37 + c. Calculate the remainder when 15 is divided by n.
0
Let u = -6 + 14. Suppose 2*a + u*c = 6*c + 84, -a = -5*c - 60. Calculate the remainder when a is divided by 18.
9
Suppose -2*k + 4*k - 66 = 0. Suppose -10*r = -k - 317. Calculate the remainder when r is divided by 10.
5
Suppose -38*z + 1476 + 1678 = 0. Suppose -4*h + 9*h - 430 = 0. Let s = h - z. Calculate the remainder when 18 is divided by s.
0
What is the remainder when 1476 is divided by 290/29 - 82/(-2)?
48
Let f(o) = o**3 - 6*o**2 + 15*o - 4. Let m be (-1)/(-4) + (-1131)/12. Let x = m - -173. Calculate the remainder when x is divided by f(2).
9
Suppose -1580 - 44 = -29*r. What is the remainder when 222 is divided by r?
54
Suppose 385*x + 7750 = 388*x - 2*m, -5*m = -x + 2592. What is the remainder when x is divided by 152?
150
Let r(y) = 3*y**2 - 3*y. Let c be r(-3). Let w = -21 + c. Let i(f) = -f**3 + 14*f**2 + 22*f - 32. Calculate the remainder when i(15) is divided by w.
13
Let j = -161 - -166. Suppose 0 = j*t, 5*x + t + 3*t - 145 = 0. Calculate the remainder when 956 is divided by x.
28
Let z(l) = 7 + 8*l - 14 - 18 - 7. Calculate the remainder when z(8) is divided by 18.
14
Let f be (-4 - -3)/3*2631. Let a = -851 - f. What is the remainder when 48 is divided by a?
22
What is the remainder when 116 is divided by 106/(-2)*(-12)/21*35/10?
10
Calculate the remainder when (1121 - (2 + 1)) + -11*18/(-33) is divided by 50.
24
Suppose 6*w = -34*w + 760. Calculate the remainder when w is divided by 4/3*18/4.
1
Suppose 5*j = -3*n + 162, -27*n = -32*n + 20. What is the remainder when 7649 is divided by j?
29
Suppose -398 - 1777 = -29*k. Calculate the remainder when 530 is divided by k.
5
Suppose 0 = 48*b - 37*b - 264. What is the remainder when 181 is divided by b?
13
What is the remainder when (23 + 14280/63)/((-2)/(-18)) is divided by 10?
7
Suppose 6*g - 837 = 255. What is the remainder when 4000 is divided by g?
178
Suppose -17 = t - 2*t. Let i(g) = -2*g**2 - 42*g. Let f be i(-21). Suppose f = 4*y + 3*d - 5, -d = -y - 2*d. Calculate the remainder when t is divided by y.
2
Suppose 0 = 5*d - 5*b - 255, -23*d + 22*d + 5*b + 27 = 0. Calculate the remainder when 905 is divided by d.
50
Let x = -6 - -19. Let r = -46 - -107. Suppose 0 = 6*t - 259 + r. What is the remainder when t is divided by x?
7
Let m = 906 - 101. What is the remainder when m is divided by 29?
22
Calculate the remainder when 2*(1 - 537/(-6)) is divided by 13 - 26/442*0.
12
Suppose -79*n - 12*n = -4004. Let m = -4 + 7. Suppose m*p - 48 = 21. Calculate the remainder when n is divided by p.
21
Let l(b) = -37*b - 42. Let u(c) = 13*c + 14. Let y(n) = -6*l(n) - 17*u(n). What is the remainder when y(-6) is divided by 2?
0
Suppose -4386*l + 5616 = -4350*l. What is the remainder when l is divided by 30?
6
Let d(q) = -5*q**2 - 3*q + 5. Let w be d(7). Let u = -168 - w. Calculate the remainder when u is divided by 19.
17
Let s = -13 + 252. Let m = 402 + -392. Calculate the remainder when s is divided by m.
9
Let z(y) = -y**3 + 6*y**2 + 9*y - 7. Let h(o) = -o**3 - o**2 + 2*o - 44. Let s be h(5). Calculate the remainder when z(6) is divided by s/(-14) - (-2)/(-14).
8
Suppose -4*m + 85 = -115. Let r = 12 + m. What is the remainder when r is divided by 22?
18
Let b = 65 - 17. Suppose -h + 16 = -g, -4*g = 2*h - 5*h + b. Suppose 12*c - 81 = -u + 17*c, -3*u + 4*c = -199. What is the remainder when u is divided by h?
13
Let o(h) = 2*h**3 - 17*h + 20. Let z be 13/(-221) - (-156)/51. What is the remainder when o(z) is divided by 4?
3
Calculate the remainder when 596 is divided by (-6*(-4)/16)/(((-44)/(-584))/11).
158
Let w be (-16)/3*(-2 - 5/(-10)). Let a = 2 + w. Suppose 0 = -a*h + 12*h - 30. Calculate the remainder when 28 is divided by h.
13
Let f = 24 + -13. Suppose 45*k + 39*k - 504 = 0. Suppose -k*l + 73 = -17. Calculate the remainder when l is divided by f.
4
Let l be (-1)/(-2 + 25/13). Let j(t) = 3*t + 31. Let c be j(l). Suppose -c = -3*a - 28. Calculate the remainder when 52 is divided by a.
10
Let w = -1727 - -2224. Calculate the remainder when w is divided by 5.
2
Let q(o) = -o**3 - 9*o**2 - 8*o + 14. Let s be q(-9). Suppose 43*l - 45*l = -s. What is the remainder when l is divided by 6?
1
Let o be (-17 - -12)*(-4)/10. Suppose -4 = 4*h, 3*p - o*h = 22 + 31. Let v(c) = c**2 + c + 2. What is the remainder when v(5) is divided by p?
15
Let q = 12506 - 12295. What is the remainder when q is divided by 45?
31
Let w(u) = -30*u**3 - 2*u + 8. Let d be w(2). Let p = -139 - d. Calculate the remainder when p is divided by 41.
15
Let f(m) = -206 + 102 + 144*m + 96. Calculate the remainder when f(1) is divided by 28.
24
Let s(k) = k**3 - 13*k**2 - 15*k + 15. Let l be s(14). Suppose l = y, -2*p + 12*y + 151 = 11*y. Calculate the remainder when p is divided by 7.
6
Let v(z) = -5*z**3 - 255*z**2 + 11*z + 655. Suppose -g = 2*g - 72. What is the remainder when v(-51) is divided by g?
22
Let o = 66 + -68. Let q(g) = -143*g - 11. Calculate the remainder when q(o) is divided by 69.
68
Suppose -587 - 663 + 330 = -184*o. What is the remainder when 28 is divided by o?
3
Let k(x) = 2*x**2 - 53*x - 253. What is the remainder when 95 is divided by k(31)?
17
Let l(s) = -2*s**2 - 15*s + 29. Let n be l(2). Let c(g) = 2*g**3 + 22*g**2 + 25*g - 17. What is the remainder when 188 is divided by c(n)?
24
Let f be (-6)/(-4)*50640/180. Suppose -f*p + 48 = -416*p. Calculate the remainder when 28 is divided by p.
4
Let i = 227 - 224. Suppose 3*q - i*n - 579 = 0, 5*q = 10*n - 9*n + 949. What is the remainder when q is divided by 48?
45
Let z = 15 + -11. Let t(f) = f + 8*f + 68 - f - 2*f. Calculate the remainder when z is divided by t(-11).
0
Suppose -5*v - 2*d - 3*d - 10 = 0, -2*v + 3*d = -21. Suppose -2*i + 3*i + 110 = v*z, 0 = 5*z + 3*i - 174. What is the remainder when 107 is divided by z?
35
Let n(l) = 12*l + 2. Let s be n(3). Suppose -21*z + 19*z + 8 = t, 0 = t - 4*z - s. Calculate the remainder when 67 is divided by t.
13
Suppose -5*k + 1803*u - 1801*u + 158 = 0, 0 = 4*k + u - 116. Let n = 516 + -235. Let i = n + -194. Calculate the remainder when i is divided by k.
27
Suppose 4*p = -2*g, 6 = -2*p - 2. Let b = -8 + g. Suppose b = 5*m - 4*x + 8*x - 64, 2*x - 62 = -5*m. What is the remainder when 70 is divided by m?
10
Let z(r) = -r**3 + 19*r**2 - 29*r - 61. Let x be (6*3/24)/((-6)/(-136)). What is the remainder when 64 is divided by z(x)?
16
Let q = -9485 + 13377. What is the remainder when q is divided by 118?
116
Suppose 78 = 2*s + 3*c, 2*s + c - 166 = -2*s. Let b(o) = o**2 - 38*o + 474. What is the remainder when b(22) is divided by s?
38
Let b(l) = 2*l + 7. Let f be b(-3). What is the remainder when 8*f*1751/68 is divid